{"id":13829,"date":"2025-06-25T06:49:30","date_gmt":"2025-06-25T06:49:30","guid":{"rendered":"https:\/\/cocinando.us\/?product=cortador-de-verduras-multifuncion-3-en-1-verde"},"modified":"2025-06-25T06:49:30","modified_gmt":"2025-06-25T06:49:30","slug":"cortador-de-verduras-multifuncion-3-en-1-verde","status":"publish","type":"product","link":"https:\/\/cocinando.us\/?product=cortador-de-verduras-multifuncion-3-en-1-verde","title":{"rendered":"Cortador de verduras multifunci\u00f3n 3 en 1 (verde)"},"content":{"rendered":"<p>Price: <span style=\"color:#b12704\">\u20ac16.99<\/span><br \/><i><small>(as of Jun 25, 2025 06:49:30 UTC &#8211; <span class=\"wp_automatic_amazon_disclaimer\" title=\"Product prices and availability are accurate as of the date\/time indicated and are subject to change. Any price and availability information displayed on [relevant Amazon Site(s), as applicable] at the time of purchase will apply to the purchase of this product.\">Details<\/span>)<\/small><\/i><\/p>\n<p><a href=\"https:\/\/amazon.es\/dp\/B095MZML38?tag=orlando0218-20\" target=\"_blank\" rel=\"noopener\"><img decoding=\"async\" src=\"https:\/\/valvepress.s3.amazonaws.com\/imgs\/buy_now.png\"><\/a><br \/>\n<br \/>\n <span>Cortador de verduras multifunci\u00f3n 3 en 1, cortador de frutas y queso, rallador de tambor 100% nuevo y de alta calidad. Es perfecto para la preparaci\u00f3n de frutas y verduras 3 cuchillas intercambiables de acero inoxidable, incluyendo cuchillas finas, gruesas y cortadoras de corte. Mecanismo de manivela f\u00e1cil de usar. Fuerte ventosa que se adhiere suavemente. Desmontable, f\u00e1cil de limpiar. Adecuado para queso, verduras, galletas, frutos secos y m\u00e1s. Material: pl\u00e1stico y acero inoxidable.<\/span>  <br \/>Rallador multifunci\u00f3n 3 en 1 para verduras, frutas, queso, tambor<\/p>\n\n","protected":false},"excerpt":{"rendered":"<p> Cortador de verduras multifunci\u00f3n 3 en 1, cortador de frutas y queso, rallador de tambor 100% nuevo y de alta calidad. Es perfecto para la preparaci\u00f3n de frutas y verduras 3 cuchillas intercambiables de acero inoxidable, incluyendo cuchillas finas, gruesas y cortadoras de corte. Mecanismo de manivela f\u00e1cil de usar. [&hellip;]<\/p>\n","protected":false},"featured_media":13830,"comment_status":"open","ping_status":"closed","template":"","meta":[],"store":[],"product_brand":[],"product_cat":[16],"product_tag":[],"class_list":{"0":"post-13829","1":"product","2":"type-product","3":"status-publish","4":"has-post-thumbnail","6":"product_cat-innovative-kitchen-utensils","8":"first","9":"instock","10":"shipping-taxable","11":"product-type-external"},"_links":{"self":[{"href":"https:\/\/cocinando.us\/index.php?rest_route=\/wp\/v2\/product\/13829","targetHints":{"allow":["GET"]}}],"collection":[{"href":"https:\/\/cocinando.us\/index.php?rest_route=\/wp\/v2\/product"}],"about":[{"href":"https:\/\/cocinando.us\/index.php?rest_route=\/wp\/v2\/types\/product"}],"replies":[{"embeddable":true,"href":"https:\/\/cocinando.us\/index.php?rest_route=%2Fwp%2Fv2%2Fcomments&post=13829"}],"wp:featuredmedia":[{"embeddable":true,"href":"https:\/\/cocinando.us\/index.php?rest_route=\/wp\/v2\/media\/13830"}],"wp:attachment":[{"href":"https:\/\/cocinando.us\/index.php?rest_route=%2Fwp%2Fv2%2Fmedia&parent=13829"}],"wp:term":[{"taxonomy":"store","embeddable":true,"href":"https:\/\/cocinando.us\/index.php?rest_route=%2Fwp%2Fv2%2Fstore&post=13829"},{"taxonomy":"product_brand","embeddable":true,"href":"https:\/\/cocinando.us\/index.php?rest_route=%2Fwp%2Fv2%2Fproduct_brand&post=13829"},{"taxonomy":"product_cat","embeddable":true,"href":"https:\/\/cocinando.us\/index.php?rest_route=%2Fwp%2Fv2%2Fproduct_cat&post=13829"},{"taxonomy":"product_tag","embeddable":true,"href":"https:\/\/cocinando.us\/index.php?rest_route=%2Fwp%2Fv2%2Fproduct_tag&post=13829"}],"curies":[{"name":"wp","href":"https:\/\/api.w.org\/{rel}","templated":true}]}}