{"id":30107,"date":"2025-06-28T18:59:30","date_gmt":"2025-06-28T18:59:30","guid":{"rendered":"https:\/\/cocinando.us\/?post_type=product&#038;p=30107"},"modified":"2025-07-11T20:01:32","modified_gmt":"2025-07-11T20:01:32","slug":"ilumina-y-crea-velas-artesanales-con-tus-manos","status":"publish","type":"product","link":"https:\/\/cocinando.us\/?product=ilumina-y-crea-velas-artesanales-con-tus-manos","title":{"rendered":"Crea Velas Artesanales con tus Manos"},"content":{"rendered":"<h1>Crea Velas Artesanales con tus Manos<\/h1>\n<p>Las velas artesanales son regalos \u00fanicos y personales. Al regalarlas, demuestras cuidado y dedicaci\u00f3n, lo que siempre es apreciado por los destinatarios. #VelasArtesanales #DIYVelas #ArteEnCasa #Relajaci\u00f3nCreativa #CuidadoPersonal<\/p>\n<p>En este curso, te guiar\u00e9 paso a paso en el proceso de elaboraci\u00f3n de velas, desde los conceptos b\u00e1sicos hasta t\u00e9cnicas avanzadas. Aprender\u00e1s sobre los diferentes tipos de cera, fragancias, colorantes y moldes, as\u00ed como las herramientas necesarias para llevar tus creaciones al siguiente nivel.<\/p>\n<h2><strong>\u00bfQU\u00c9 VAS A LOGRAR?<\/strong><\/h2>\n<p>Lograr\u00e1s comprender los conceptos b\u00e1sicos sobre la fabricaci\u00f3n de velas y c\u00f3mo funciona cada t\u00e9cnica.<\/p>\n<p>Conocer\u00e1s los materiales esenciales como tipos de cera, mechas, fragancias y colorantes.<\/p>\n<p>Aprender\u00e1s a utilizar herramientas clave, desde moldes hasta term\u00f3metros, para lograr resultados \u00f3ptimos.<\/p>\n<p>Podr\u00e1s realizar diferentes tipos de velas, como velas arom\u00e1ticas, velas en recipientes y velas decorativas.<\/p>\n<p>Aprender\u00e1s t\u00e9cnicas de dise\u00f1o y personalizaci\u00f3n para crear velas \u00fanicas que reflejan tu estilo.<\/p>\n<p>Obtendr\u00e1s consejos pr\u00e1cticos y trucos de expertos para evitar errores comunes y mejorar tus creaciones.<\/p>\n<p>Ser\u00e1s capaz de iniciar tu propio negocio de velas desde casa, aprovechando tus habilidades artesanales.<\/p>\n<p>Al finalizar el curso, podr\u00e1s crear velas de alta calidad para vender tus propios productos o simplemente para disfrutar en tu hogar.<\/p>\n<p>\u00a1Tendr\u00e1s todas las habilidades necesarias para dominar el arte de hacer velas!<\/p>\n","protected":false},"excerpt":{"rendered":"<p>\ud83d\udd6f\ufe0f En este curso, te guiar\u00e9 paso a paso en el proceso de elaboraci\u00f3n de velas, desde los conceptos b\u00e1sicos hasta t\u00e9cnicas avanzadas. Aprender\u00e1s sobre los diferentes tipos de cera, fragancias, colorantes y moldes, as\u00ed como las herramientas necesarias para llevar tus creaciones al siguiente nivel.\ud83d\udcf2 \u00a1Inscr\u00edbete hoy y enciende tu talento!#VelasArtesanales #CursoCreativo #EmprendeDesdeCasa #HazloT\u00faMismo #Decoraci\u00f3nConEstilo<\/p>\n<p>Las velas artesanales son regalos \u00fanicos y personales. Al regalarlas, demuestras cuidado y dedicaci\u00f3n, lo que siempre es apreciado por los destinatarios. #VelasArtesanales #DIYVelas #ArteEnCasa #Relajaci\u00f3nCreativa #CuidadoPersonal<\/p>\n<div><\/div>\n","protected":false},"featured_media":30174,"comment_status":"open","ping_status":"closed","template":"","meta":[],"store":[],"product_brand":[],"product_cat":[43],"product_tag":[49,46],"class_list":{"0":"post-30107","1":"product","2":"type-product","3":"status-publish","4":"has-post-thumbnail","6":"product_cat-cursos-digitales-spanish","7":"product_tag-curso-creacion-de-velas","8":"product_tag-velas-artesanales","10":"first","11":"instock","12":"shipping-taxable","13":"product-type-external"},"_links":{"self":[{"href":"https:\/\/cocinando.us\/index.php?rest_route=\/wp\/v2\/product\/30107","targetHints":{"allow":["GET"]}}],"collection":[{"href":"https:\/\/cocinando.us\/index.php?rest_route=\/wp\/v2\/product"}],"about":[{"href":"https:\/\/cocinando.us\/index.php?rest_route=\/wp\/v2\/types\/product"}],"replies":[{"embeddable":true,"href":"https:\/\/cocinando.us\/index.php?rest_route=%2Fwp%2Fv2%2Fcomments&post=30107"}],"wp:featuredmedia":[{"embeddable":true,"href":"https:\/\/cocinando.us\/index.php?rest_route=\/wp\/v2\/media\/30174"}],"wp:attachment":[{"href":"https:\/\/cocinando.us\/index.php?rest_route=%2Fwp%2Fv2%2Fmedia&parent=30107"}],"wp:term":[{"taxonomy":"store","embeddable":true,"href":"https:\/\/cocinando.us\/index.php?rest_route=%2Fwp%2Fv2%2Fstore&post=30107"},{"taxonomy":"product_brand","embeddable":true,"href":"https:\/\/cocinando.us\/index.php?rest_route=%2Fwp%2Fv2%2Fproduct_brand&post=30107"},{"taxonomy":"product_cat","embeddable":true,"href":"https:\/\/cocinando.us\/index.php?rest_route=%2Fwp%2Fv2%2Fproduct_cat&post=30107"},{"taxonomy":"product_tag","embeddable":true,"href":"https:\/\/cocinando.us\/index.php?rest_route=%2Fwp%2Fv2%2Fproduct_tag&post=30107"}],"curies":[{"name":"wp","href":"https:\/\/api.w.org\/{rel}","templated":true}]}}